- 0). Let j(a) = 3 - a**3 - a - 4*a**2 - d*a**2 + 7*a**3 - 5*a**3. Calculate j(7).
-4
Suppose -3*v = 257*m - 260*m + 9, 0 = 2*v - 3*m + 2. Let w(q) = q**3 + 8*q**2 + 5*q - 4. Calculate w(v).
10
Let i(g) = -g**3 + 4*g**2 + 4*g + 2. Suppose 0 = -a + 3*a - s - 14, 0 = -3*a - 5*s - 5. Give i(a).
-3
Suppose 0 = v + 2*v - x + 15, -2*x = v + 5. Let d(m) = -1 + 9*m - 5*m + 6 - 3*m. Determine d(v).
0
Suppose 13*f = 10*f + 15. Let k(u) be the third derivative of -u**6/720 + 7*u**5/120 + u**4/6 + 4*u**2. Let v(x) be the second derivative of k(x). Give v(f).
2
Let u(x) be the first derivative of -x**4/4 - x**3 + 3*x**2/2 - x + 1. Suppose -26 = 9*g + 1. Calculate u(g).
-10
Let x(t) = 28*t**3 + t**2 - t. Let n be 70/84 + (-2)/(-12). Give x(n).
28
Let p(d) = -d**2 + 10*d + 11. Let r be p(11). Let w(y) = 3*y - 35. Let j(v) = 2*v - 26. Let l(o) = 4*j(o) - 3*w(o). What is l(r)?
1
Let u(k) = 2*k + 3 + 3 - 4*k - 8. Give u(-4).
6
Suppose 3*o + 29 = 2*x, 0 = 4*x - x - 2*o - 31. Let t(f) = -f**2 + 9*f - 17. Determine t(x).
-3
Let g(l) = l**2 + 67 - 204 + 103 - 9*l. Calculate g(12).
2
Let j(n) = 7. Let o(c) = c**2 - 3*c - 27. Let h(x) = 3*j(x) + o(x). Determine h(0).
-6
Let v be 6 - (-1 + -2 - -6). Let j(c) = -c**2 - 3*c + 3. What is j(v)?
-15
Let r(h) = h**2 + 0*h + 0*h - 3. Let j = 267 + -267. What is r(j)?
-3
Let c(i) = i - 12. Let q(x) = 3*x - 35. Let l(v) = 11*c(v) - 4*q(v). Give l(0).
8
Suppose 46*k - 242 = -196. Let w(x) = 19*x**2 - 3*x + 4. What is w(k)?
20
Suppose 2*p + 0*p = 4*f - 18, -f = -p - 5. Let l(m) = m - 4. Let d(z) = 6*z - 25. Let r(h) = 6*d(h) - 39*l(h). Give r(f).
-6
Let q = 65 - 389/6. Let b(t) be the second derivative of 0 - 1/3*t**4 + 4*t + 3/2*t**2 + q*t**3 - 1/20*t**5. Give b(-4).
-1
Let i(f) = 34*f - 6. Let y(r) = 42*r - 7. Let q(a) = 6*i(a) - 5*y(a). Calculate q(2).
-13
Let q = -15 + 10. Let o be (-4 + (-3 - -3))/((-4)/2). Let g(s) = 5*s + s**3 - 4*s**3 - 6*s**o + 2*s**3 + 2*s**2 + 7. Calculate g(q).
7
Let t be -2 - ((-15)/10 + (-1)/2). Suppose 4*w - 5*a + 29 = 0, -2*w - 4*a + t*a = -18. Let m(q) = q**3 - 4*q**3 - 4*q - 1 + 2*q. Calculate m(w).
4
Let i(h) = h - 2. Let c(n) = -n**3 - 5*n**2 + 5*n - 12. Let l be c(-6). Calculate i(l).
-8
Let f be 5/(-30) + (-52)/(-24). Let b(c) be the first derivative of -5 + 1/3*c**3 + 2*c**2 + f*c. Give b(-5).
7
Let j be (-1)/((18/15)/(-6)). Let g(f) = -3*f + 3*f**2 + 4*f - j*f**2. Let h(v) = v + 10. Let d be h(-9). Give g(d).
-1
Let f(o) = o - 39516 + 39515 - 2*o. Calculate f(-3).
2
Let p(g) = -g**3 - 6*g**2 + g - 2. Let t be (-15)/(-10) + (-19)/2. Let b be (t/16)/(-1*(-2)/24). Calculate p(b).
-8
Let c(v) = -v**2 + 11*v - 14. Let r be c(9). Suppose 4*w - 16 = -r*a, a + 2*a - 10 = -5*w. Let j(n) = n**2 + 3*n - 1 - a*n - 1. Calculate j(-2).
6
Let k(d) = 3. Let b(l) = -l - 5. Let v(p) = 6*b(p) + 11*k(p). Give v(4).
-21
Suppose -12 + 4 = -4*n. Let x(o) = 8*o. Determine x(n).
16
Let v(c) = -2*c - 4. Let a = -124 - -117. Give v(a).
10
Let u(t) = -5*t**3 - 3*t**2. Let j be u(-2). Let i be ((-8)/j)/(3/(-21)). Let s(v) = -2 - 3*v + 4 - 2. Give s(i).
-6
Let v(r) = 504 - r - 754 + 242. Let c(k) = 2*k + 6. Let m be c(-6). What is v(m)?
-2
Let n be (2 - 1)/((21/(-3))/14). Let g(p) = -2*p**2 + 2*p + 8. Let f(j) = j**2 - j - 4. Let q(u) = n*g(u) - 5*f(u). Give q(3).
-2
Let o = -2 - -4. Suppose c - 2 = o*c. Let x(n) = -4*n**3 - 3*n**2 + 3*n**3 - 4*n - 4 + 0*n**3 + 1. Give x(c).
1
Let h(f) = -23 + f**2 + 60 - 18 - 3*f - 22. Give h(4).
1
Let j(i) = i**2 + 5*i - 13. Let c = 126 + -132. Calculate j(c).
-7
Let a(b) be the third derivative of -b**5/30 + b**4/12 - b**3/3 + 81*b**2. Calculate a(2).
-6
Suppose -a - 4*t + 6 = 0, -a - 1 = -4*t + 17. Let z(j) = j**3 + 7*j**2 + 5*j + 9. Calculate z(a).
15
Let g(j) = -11*j - 1. Let z(f) = -f. Let m(o) = g(o) - 4*z(o). Let r(h) = 27*h + 3. Let p(n) = 9*m(n) + 2*r(n). Calculate p(-2).
15
Let d(m) = m**2 + 2*m - 1. Let a be d(-3). Let v(i) = -451*i**3 - 4*i**2 + 452*i**3 + 0*i**2 - a*i + 3 + 8*i**2. Give v(-4).
11
Let z(h) be the first derivative of h**2/2 - 13*h + 367. Give z(0).
-13
Let r(j) be the first derivative of -j**6/120 + j**5/20 - j**3/6 - 3*j**2 - 11. Let b(h) be the second derivative of r(h). What is b(3)?
-1
Let x(w) be the first derivative of w**4/4 - w**2/2 + 8*w + 1. Let r be 12*((-275)/20 - -3). Let k = 129 + r. What is x(k)?
8
Let b be (45/(-20))/(9/(-24)). Let m(p) = -p + 2. What is m(b)?
-4
Let x(p) be the second derivative of -p**5/20 + 5*p**4/6 - 13*p**3/6 + 9*p**2/2 - 6*p + 2. Calculate x(8).
33
Suppose 24*u - 11*u + 78 = 0. Let q(t) = -6*t - 7. Calculate q(u).
29
Let m(b) = 2*b + 5. Let z(g) = g. Let u(q) = m(q) - 4*z(q). Let c(t) = -22*t + 271. Let a be c(12). Determine u(a).
-9
Let b(q) = -q + 1. Suppose 4*d + 2*h - 3 = -27, -3*d + 4*h - 18 = 0. Let f be (4/d)/((-4)/24). Suppose 0 = 4*z - f. What is b(z)?
0
Let h(f) = -1 + 11*f + 2 + 1 + 7 + f**2. Let m be h(-10). Let a(u) = -9*u**2 - 2*u - 1. Calculate a(m).
-8
Let m be ((-8)/12)/(6/(-36)). Let k(n) = 2*n**2 + n + 2. Let f(d) = d**2 - d - 1. Let c(l) = -3*f(l) + k(l). Calculate c(m).
5
Let w(x) = -17*x**3 + 14*x**2 - 42*x - 41. Let y(v) = 3*v**3 - 3*v**2 + 9*v + 8. Let g(b) = -2*w(b) - 11*y(b). Calculate g(-7).
1
Let b(l) = -4*l**2 + 16*l + 98. Let d(j) = 2*j**2 - 8*j - 43. Let c(i) = 3*b(i) + 7*d(i). What is c(-2)?
17
Let h(x) = -x**3 - 7*x**2 - 5*x + 2. Let s = -534 + 527. Give h(s).
37
Suppose -2*i + 6*i = -20. Let c(m) be the first derivative of 1/4*m**4 + 1 + 2*m**3 - 7*m + 3*m**2. Determine c(i).
-12
Let j(x) = 4*x**2 + 13. Let w(p) = 17 - 302*p + 303*p + 0*p**2 - 3 + 5*p**2. Let d(h) = -6*j(h) + 5*w(h). Give d(-7).
6
Let h(u) = u**2 - 6*u + 7. Let n be h(5). Suppose -7*x + 24 = 10. Suppose -2*w + x = -w + 2*l, -n*w = 5*l - 5. Let k(f) = -f + 6. What is k(w)?
6
Let s(w) be the first derivative of -3*w**2/2 + 6*w - 117. Give s(5).
-9
Let m(d) = -d**2 - 10*d. Let f = 787 - 800. Calculate m(f).
-39
Suppose 3*a - 5*l = -2 - 0, 3*l = 12. Suppose 0*z = 3*z - a. Let t(d) = 3 - d**2 + 2*d**z + d**2 + 3*d. What is t(-2)?
5
Let t(j) = j**3 + 7*j**2 - 9*j. Suppose -9*h = -41*h - 256. Give t(h).
8
Suppose -t + 2*u = -4*t + 19, -3*t = 5*u - 34. Let f(y) = -2 - 9*y**2 - 15*y**3 + 16*y**t + y**2. Determine f(8).
-2
Let i(h) = -h**3. Let w(m) = 6*m**3 - 6*m**2 - 5*m - 8. Let r(b) = -5*i(b) - w(b). Suppose 0 = 3*p + 4*j - 37, 4*p + 4*j = 2*p + 30. Calculate r(p).
-6
Let r(i) = i - 8. Suppose 2*c + 7 = 75. Suppose -4*v = -j - 0*v + c, -2*j - v + 23 = 0. Determine r(j).
6
Let k(a) = -a**2 + 16*a - 49. Let t be k(4). Let s(r) = -3*r**2 + r + 2. Calculate s(t).
-2
Suppose -3*l + 5 = -4. Suppose -2*t + 4*n = 8, l*t + 5*n - n = 18. Let j(p) = -p**2 + 2*p - 1. Give j(t).
-1
Suppose s = -2*l + 21 - 8, 5*l = 2*s + 10. Let w(c) = -c**3 + 5*c**2 + 3*c. Give w(s).
15
Let o(g) = -11*g**2 - 10*g + 6. Let u(c) = 31*c**2 + 29*c - 17. Let z(f) = -17*o(f) - 6*u(f). Determine z(4).
0
Suppose -6*x + 13 = 19. Let g(k) = 13*k - 1. Give g(x).
-14
Let w(i) = -i**2 + 6*i + 3. Let s(v) = -49*v - 287. Let l be s(-6). What is w(l)?
-4
Let h be 12/(-42) + 128/7. Let l = h - 14. Let f(b) = 59*b + l*b**2 + b**3 - 65*b + b**2 - 9. Give f(-6).
-9
Let u(p) = -2*p**2 - p + 2. Suppose 0 = 1131*g - 1136*g - 20. Give u(g).
-26
Let j(u) = -u - 5. Suppose 10*r + 38 = -42. Calculate j(r).
3
Let x(i) = i**2 + i - 10. Let n be (-6 - 22)/(-4) + -7. What is x(n)?
-10
Let u(z) = z**2 + 3*z + 6. Let b(r) = -23*r + 10*r + 14*r - 10. Let k be b(10). Suppose -s - 4 = -k*s. Give u(s).
10
Suppose 9 = 2*n + 7*n. Let x(q) = q + 1. Let d(o) = 5*o + 5. Let l(b) = 2*d(b) - 11*x(b). Let j(y) = 1. Let m(k) = n*l(k) + j(k). Calculate m(-4).
4
Let i be (44/8)/(1/(-2)). Let b(n) = n + 5. Give b(i).
-6
Let z(b) = b**2 - b - 1. Let n be z(-2). Let j(k) be the second derivative of -k**4/12 + k**3/2 - 3*k**2/2 + 35*k. Calculate j(n).
-13
Let u(k) = 2*k**2 + 4*k + 2. Let t(a) = a + 2. Suppose -4*w + 111 - 20 = -3*j, j - 33 = -2*w. Let g = w - 23. Let v be t(g). Calculate u(v).
2
Let p(l) = 6*l**2 - l - 1. Let b(n) = n**3 + 7*n**2 - 2*n + 5. Let u be b(-7). Suppose u*x + 2 = 20*x. Calculate p(x).
21
Let v(r) be the second derivative of -r**3/6 - 3*r**2/2 + 11*r. Let y be v(-3). Let m(a) = -a**2 + a - 3. Calculate m(y).
-3
Let k(r) = 8115 + 10*r - 8115. Give k(-1).
-10
Let y = -435 +